se
Is 40 a factor of 3739301?
False
Is 5138 a factor of 4761070509?
False
Is 2341972021 a multiple of 6181?
False
Is 1101 a factor of 45759364?
False
Is 783 a factor of 45215716?
False
Does 6 divide 133599744?
True
Does 63 divide 88073370?
True
Is 5332 a factor of 1708138192?
True
Is 1117889472 a multiple of 245?
False
Is 1231795894 a multiple of 2521?
True
Is 219 a factor of 968261634?
True
Is 268 a factor of 6687948831?
False
Is 74911665 a multiple of 613?
True
Is 1020535929 a multiple of 189?
True
Is 5 a factor of 258195?
True
Does 1559 divide 38428089?
False
Is 1342583 a multiple of 5?
False
Is 54 a factor of 521182425?
False
Is 24858237 a multiple of 2191?
False
Does 32 divide 54396128?
True
Is 13 a factor of 165892038?
True
Does 7 divide 1681455?
False
Is 178654503 a multiple of 1718?
False
Does 11 divide 36300671?
True
Is 307788497 a multiple of 28?
False
Does 13 divide 12563824?
True
Is 109389977 a multiple of 7?
False
Does 85 divide 172605816?
False
Does 5814 divide 145303007?
False
Does 25 divide 68129175?
True
Is 21818371 a multiple of 694?
False
Is 32 a factor of 11657120?
True
Is 1314902 even?
True
Is 2286 a factor of 209499131?
False
Does 152 divide 3247096504?
True
Is 158620360 a multiple of 426?
False
Is 69 a factor of 84385896?
True
Does 9 divide 169839216?
True
Is 3774811915 a multiple of 37?
False
Is 236522400 a multiple of 695?
True
Is 24787944 a multiple of 123?
True
Does 6256 divide 3544411872?
True
Does 135 divide 59207365?
False
Does 127 divide 3497888?
False
Does 13 divide 1267080284?
False
Does 39 divide 167937237?
True
Does 41 divide 25800865?
False
Is 76566624 a multiple of 32?
True
Does 3345 divide 2263836372?
False
Does 97 divide 10718593?
False
Is 41993120 a multiple of 1690?
True
Does 12 divide 33042444?
True
Is 1809287 a multiple of 273?
False
Is 14806848 a multiple of 1932?
True
Is 26135581 a multiple of 334?
False
Does 73 divide 67136072?
False
Is 59 a factor of 70383224?
True
Does 13 divide 1741800632?
True
Is 4031775 a multiple of 99?
True
Does 15 divide 22903367?
False
Is 42530761 a multiple of 22?
False
Is 68499807 a multiple of 3127?
False
Is 106682532 a multiple of 53?
False
Is 626343647 a multiple of 7?
False
Is 211 a factor of 363083152?
False
Does 367 divide 126410214?
True
Is 374 a factor of 453349710?
True
Is 22956887 a multiple of 22?
False
Is 26 a factor of 11455470?
True
Is 3 a factor of 71408031?
True
Does 382 divide 22690036?
True
Is 19 a factor of 1476692350?
True
Does 544 divide 15061728?
True
Is 1004808803 a multiple of 9?
False
Is 19271804 a multiple of 2075?
False
Does 13 divide 119127072?
False
Does 384 divide 8575488?
True
Does 129 divide 427358129?
False
Is 158 a factor of 12434600?
True
Is 319 a factor of 780274?
True
Is 1025136469 a multiple of 6?
False
Does 16 divide 116663856?
True
Is 1511 a factor of 1919522034?
False
Does 346 divide 15456512?
True
Does 37 divide 31821554?
True
Is 8897 a factor of 3120492509?
False
Is 61 a factor of 35832986?
True
Does 123 divide 964191807?
False
Is 383538610 a multiple of 130?
True
Is 2124739936 a multiple of 16?
True
Is 32173711 a multiple of 1973?
True
Is 124 a factor of 24316648?
True
Does 648 divide 465774624?
True
Is 9976134 a multiple of 191?
False
Is 318 a factor of 11352816?
False
Is 30001714 a multiple of 1873?
True
Is 23201626 a multiple of 10?
False
Is 1546 a factor of 56549398?
False
Does 191 divide 2508620141?
False
Is 75840986 a multiple of 2491?
True
Does 24 divide 1052133350?
False
Is 223083706 a multiple of 923?
False
Does 55 divide 24904366?
False
Is 584635634 a multiple of 1249?
False
Is 660577536 a multiple of 384?
True
Does 833 divide 499732527?
True
Is 1598 a factor of 141448360?
False
Is 11 a factor of 2522743?
False
Does 4 divide 69393924?
True
Is 2353756200 a multiple of 11443?
False
Does 13471 divide 1953242650?
False
Is 188 a factor of 40834092?
False
Does 1613 divide 1745519241?
True
Is 24 a factor of 2359004?
False
Does 155 divide 1670900?
True
Does 168 divide 934847928?
True
Does 25 divide 1677863565?
False
Is 31488174 a multiple of 9?
True
Does 1089 divide 84689152?
False
Is 14607831 a multiple of 4?
False
Is 3921 a factor of 1297728947?
False
Does 957 divide 176817187?
False
Does 7 divide 17233492?
False
Does 16 divide 88182631?
False
Is 41778972 a multiple of 10?
False
Is 492023474 a multiple of 4252?
False
Is 132 a factor of 1008143084?
False
Is 248470418 a multiple of 100?
False
Is 113 a factor of 173265725?
True
Is 10 a factor of 1006668438?
False
Is 135 a factor of 33199849?
False
Is 5006610 a multiple of 42?
True
Does 1562 divide 48367330?
True
Is 102 a factor of 30231746?
False
Is 26 a factor of 5161884?
True
Does 14 divide 85901564?
True
Does 9 divide 1950031?
False
Does 932 divide 484342080?
False
Is 35855128 a multiple of 19?
True
Is 35581845 a multiple of 55?
False
Is 43038919 a multiple of 99?
False
Is 585519935 a multiple of 455?
True
Is 39209602 a multiple of 12?
False
Is 9294304 a multiple of 331?
False
Does 271 divide 31379279?
False
Does 554 divide 506309892?
False
Is 62 a factor of 10665200?
False
Does 3 divide 65721550?
False
Does 3409 divide 71121060?
False
Does 4262 divide 1245982914?
True
Does 1151 divide 19058447?
False
Is 5520940824 a multiple of 18?
False
Is 27 a factor of 9689436?
True
Does 9 divide 9169025?
False
Is 1991 a factor of 164068355?
True
Does 3 divide 7151669?
False
Is 163 a factor of 252388385?
True
Is 793681180 a multiple of 202?
False
Does 426 divide 864037482?
True
Is 8661138 a multiple of 529?
False
Is 596 a factor of 47334320?
True
Is 13856679 a multiple of 43?
False
Is 2649 a factor of 2033893392?
False
Does 267 divide 208325415?
True
Is 5227 a factor of 2506539899?
True
Does 441 divide 514192568?
False
Is 153 a factor of 3161319539?
False
Is 161920706 a multiple of 73?
False
Is 273 a factor of 908656749?
True
Does 5463 divide 992031633?
True
Is 523 a factor of 38945195?
True
Does 178 divide 174908318?
True
Does 144 divide 12661488?
True
Is 8 a factor of 10312024?
True
Does 338 divide 305289036?
True
Is 73 a factor of 24530873?
False
Does 7 divide 67447051?
True
Is 462114121 a multiple of 5023?
False
Does 107 divide 178749706?
True
Is 105 a factor of 270723991?
False
Is 20 a factor of 154365100?
True
Does 4537 divide 155702528?
False
Is 85 a factor of 28167908?
False
Does 118 divide 2089537312?
False
Is 304 a factor of 3050186117?
False
Is 2781 a factor of 610562988?
True
Is 28443192 a multiple of 424?
True
Is 420 a factor of 1138969020?
True
Is 5019249 a multiple of 53?
False
Is 4647 a factor of 62730898?
False
Is 1087 a factor of 1403317?
True
Does 7 divide 2898707?
True
Is 2294 a factor of 390750864?
False
Is 93718579 a multiple of 41?
True
Is 30233466 a multiple of 2031?
True
Is 3882187 a multiple of 2?
False
Is 269 a factor of 34095776?
False
Is 50 a factor of 239668531?
False
Is 12 a factor of 258971277?
False
Is 260243775 a multiple of 12?
False
Is 345 a factor of 155184459?
False
Is 55 a factor of 78316810?
True
Is 106 a factor of 27520308?
False
Is 3 a factor of 19496324?
False
Does 471 divide 649868273?
False
Is 7497 a factor of 676237786?
False
Is 690 a factor of 114023930?
False
Does 376 divide 41403992?
True
Is 923 a factor of 227271082?
False
Is 227118605 a multiple of 3?
False
Is 690810270 a multiple of 5?
True
Does 2442 divide 1999074032?
False
Is 443521548 a multiple of 4526?
False
Is 500 a factor of 119088000?
True
Is 29 a factor of 431154166?
False
Is 872325720 a multiple of 14?
True
Does 719 divide 12642775?
False
Is 17 a factor of 24121163?
False
Is 501 a factor of 134852667?
True
Is 56344435 a multiple of 2015?
False
Is 166062968 a multiple of 14?
False
Is 16 a factor of 927649828?
False
Is 8 a factor of 113446211?
False
Is 755464983 a multiple of 17?
False
Is 13941968 a multiple of 106?
True
Does 22 divide 3809278?
True
Is 1723232709 a multiple of 37?
True
Is 549251264 a multiple of 2915?
False
Is 30 a factor of 115180620?
True
Is 623841656 a multiple of 34?
True
Is 6 a factor of 29547253?
False
Is 7642315 a multiple of 298?
False
Is 183607897 a multiple of 11?
True
Does 20 divide 2916156698?
False
Is 3766217108 a multiple of 20?
False
Is 535 a factor of 852342205?
True
Is 22 a factor of 4579086?
False
Does 65 divide 29513931?
False
Is 6378337